z(v) = -v**2 - 9*v + 17. Determine z(-10).
7
Let z(o) = -2*o**2 - 23*o - 58. Determine z(-7).
5
Let f(a) = a**2 - 21*a - 36. What is f(22)?
-14
Let z(g) = 9*g + 1. Determine z(4).
37
Let o(u) = -u**3 + 14*u**2 - 14*u + 13. Give o(13).
0
Let q(r) = -r - 2. Determine q(6).
-8
Let p(v) = 24*v - 169. Determine p(6).
-25
Let m(v) = 2*v + 25. Give m(-12).
1
Let i(y) = y + 13. What is i(-7)?
6
Let t(h) = -h**3 + 6*h**2 - 9*h + 4. Calculate t(4).
0
Let f(k) = -k**3 - 5*k**2 - 4. Calculate f(-4).
-20
Let p(v) = 3*v - 3. Give p(-6).
-21
Let r(p) = 2*p**3 + 37*p**2 - 15*p + 52. Determine r(-19).
-24
Let z(x) = 8*x + 39. Calculate z(-5).
-1
Let u(n) = -2*n**2 - 24*n - 48. Determine u(-9).
6
Let c(s) = -3*s**2 + 6*s - 2. Determine c(5).
-47
Let p(i) = i**2 + 7. Determine p(-6).
43
Let s(n) = 3*n**2 + 2. Determine s(-4).
50
Let p(n) = 3*n + 33. Calculate p(-8).
9
Let r(o) = -o**2 - 8*o - 2. Determine r(-9).
-11
Let b(n) = -7*n**3 + 2*n**2 - 2*n - 1. Give b(-1).
10
Let v(u) = -2*u + 26. Give v(16).
-6
Let k(v) = v + 11. Determine k(-6).
5
Let b(j) = -6*j**2 + j - 4. What is b(-2)?
-30
Let q(r) = -3*r**3 - 3*r**2 + 5*r + 3. Give q(-2).
5
Let t(m) = -39*m + 4. Give t(0).
4
Let d(s) = -41*s - 1. Determine d(1).
-42
Let d(o) = -o**2 + 15*o - 16. Calculate d(8).
40
Let y(l) = 3*l**3 + 3*l**2 + l + 2. Calculate y(-2).
-12
Let r(c) = 3*c**3 + c**2 - 8*c + 6. What is r(1)?
2
Let j(x) = x**3 + 15*x**2 + 16*x - 18. Give j(-14).
-46
Let u(i) = -i**3 + 5*i**2 + 6*i + 7. What is u(6)?
7
Let c(j) = -j**3 - 11*j**2 - 12*j + 11. Calculate c(-9).
-43
Let z(a) = -a**2 - 15*a + 11. Calculate z(-16).
-5
Let q(x) = -x**3 + 9*x**2 - 7*x + 4. Calculate q(5).
69
Let q(k) = 25*k - 574. Calculate q(23).
1
Let d(a) = -a**3 - 16*a**2 + 35*a - 13. Determine d(-18).
5
Let w(m) = -m**2 + 4*m - 2. Determine w(3).
1
Let b(r) = 7*r**2 + 9*r - 4. Determine b(-2).
6
Let g(w) = -7*w - 27. What is g(-13)?
64
Let w(h) = h**3 + 2*h**2 - 9. Calculate w(0).
-9
Let m(c) = -c**3 - c**2 + 14*c - 17. Give m(-5).
13
Let x(c) = -11*c - 30. What is x(4)?
-74
Let z(g) = -g**2 - 10*g + 5. Determine z(-9).
14
Let q(d) = d**3 + 6*d**2 - d + 2. Give q(-7).
-40
Let n(b) = b**2 - 7*b + 5. Determine n(5).
-5
Let n(p) = 3*p**3 - 47*p**2 + 32*p - 21. What is n(15)?
9
Let o(v) = 2*v**2 + 19*v + 30. What is o(-8)?
6
Let m(g) = -4*g**2 + 93*g - 8. Give m(23).
15
Let d(y) = 12*y + 1. What is d(-2)?
-23
Let n(c) = 3*c**2 + 4*c - 6. Determine n(3).
33
Let k(t) = -t**3 + 16*t**2 - 12*t + 14. Give k(15).
59
Let i(a) = -a**3 - 4*a**2 + 20*a - 7. Calculate i(-7).
0
Let f(b) = 2*b + 3. What is f(3)?
9
Let n(b) = 8*b + 92. What is n(-15)?
-28
Let m(r) = 2*r**2 + r. What is m(-2)?
6
Let b(g) = -g**2 - 19*g + 224. What is b(8)?
8
Let q(x) = -3*x + 8. Determine q(3).
-1
Let c(g) = -g**3 - 2*g + 11. Calculate c(0).
11
Let z(a) = -a**2 - 26*a - 162. Calculate z(-9).
-9
Let q(p) = -p**2 - 12*p - 10. Determine q(-9).
17
Let f(v) = -v**2 + 5*v - 22. Calculate f(6).
-28
Let s(j) = j - 6. Give s(6).
0
Let i(u) = -u**2 - 32*u - 82. Calculate i(-29).
5
Let z(i) = 32*i + 3. Determine z(-1).
-29
Let l(z) = 12*z + 90. Give l(-8).
-6
Let v(z) = 3*z**2 - 5*z - 6. Determine v(6).
72
Let x(m) = m**3 + 23*m**2 + 39*m - 59. What is x(-21)?
4
Let n(v) = -v**2 - 6*v + 9. Determine n(-6).
9
Let i(k) = k**2 + 16*k - 163. Calculate i(-24).
29
Let p(u) = u**2 + u - 26. Calculate p(11).
106
Let o(f) = 4*f - 8. Determine o(-8).
-40
Let p(s) = -7*s + 30. Give p(0).
30
Let w(b) = b**2 + 21*b + 56. Give w(-8).
-48
Let l(d) = 35*d - 9. Calculate l(1).
26
Let l(b) = -b**3 - 2*b**2 - 2*b + 2. Calculate l(3).
-49
Let o(u) = u**2 + 8*u + 5. What is o(-4)?
-11
Let s(p) = -5*p**3 - 29*p**2 + 6*p - 2. What is s(-6)?
-2
Let i(x) = -4*x**3 + 6*x**2 + 5*x - 1. Give i(4).
-141
Let p(u) = 28*u + 1. What is p(-1)?
-27
Let c(m) = -m + 64. Calculate c(8).
56
Let y(f) = f**2 - 21*f + 40. Give y(19).
2
Let w(n) = -n**2 + 10*n + 28. Give w(12).
4
Let n(a) = -a**3 - 11*a**2 - 11*a - 8. Determine n(-10).
2
Let q(n) = 11*n - 6. What is q(-6)?
-72
Let h(i) = -4*i + 21. Give h(6).
-3
Let h(l) = -2*l**3 - 56*l**2 + l + 32. Give h(-28).
4
Let n(m) = -m**3 + 6*m**2 - 11*m + 24. Calculate n(4).
12
Let a(q) = -q**2 - q + 8. Calculate a(-6).
-22
Let c(b) = -b**3 + 6*b**2 - 7*b + 5. Give c(5).
-5
Let o(l) = l**2 - 5*l - 4. Calculate o(7).
10
Let k(z) = z**2 - 17*z + 5. Determine k(0).
5
Let m(g) = 3*g**3 - 42*g**2 + 2*g - 29. What is m(14)?
-1
Let q(m) = -33*m + 1421. Calculate q(43).
2
Let f(h) = 10*h + 4. Calculate f(-3).
-26
Let a(i) = -4*i + 12. What is a(4)?
-4
Let k(g) = -2*g**3 - 14*g**2 - 12*g - 23. What is k(-6)?
-23
Let x(v) = -5*v**3 - 2*v**2 + 3*v. Calculate x(1).
-4
Let s(q) = 5*q - 7. Determine s(3).
8
Let p(h) = h**2 + 2*h + 74. What is p(0)?
74
Let b(a) = -2*a + 6. Calculate b(6).
-6
Let d(l) = -2*l**2 + 16*l - 4. Give d(8).
-4
Let x(t) = -9*t - 242. Determine x(-27).
1
Let h(a) = -2*a + 16. Determine h(13).
-10
Let z(s) = -s**2 - 23*s + 48. What is z(-25)?
-2
Let l(y) = y**3 + 14*y**2 - 31*y + 41. What is l(-16)?
25
Let u(o) = 14*o**3 + o**2 + 4*o - 4. Calculate u(1).
15
Let j(t) = 9*t**3 + t**2 - t - 2. Give j(1).
7
Let u(o) = o**3 + 12*o**2 - 16*o - 31. Determine u(-13).
8
Let r(x) = x**3 - 6*x**2 + 1. Calculate r(6).
1
Let z(x) = 5*x**2 + 3*x + 1. What is z(-2)?
15
Let v(d) = -31*d + 2. Determine v(1).
-29
Let d(f) = f**3 + 7*f**2 - 8*f - 6. What is d(-7)?
50
Let s(q) = 42*q + 6. Give s(-2).
-78
Let a(v) = -42*v - 1. Give a(2).
-85
Let s(j) = 2*j**2 - 12*j + 4. Give s(9).
58
Let c(u) = -u**3 + 9*u**2 - 2*u + 22. Determine c(9).
4
Let z(a) = -a**2 - 6*a + 10. Determine z(-7).
3
Let a(b) = 33*b - 234. Calculate a(7).
-3
Let j(i) = i**3 - 9*i + 71. What is j(-5)?
-9
Let i(x) = x**3 - 18*x**2 - 20*x + 11. Give i(19).
-8
Let y(d) = -d**2 + 3*d - 1. What is y(4)?
-5
Let o(f) = -f**2 + 2*f + 4. Give o(-6).
-44
Let t(h) = h**2 + 9*h - 29. Determine t(-12).
7
Let r(s) = -s**3 - 7*s**2 - 9*s - 22. Determine r(-6).
-4
Let f(n) = n**3 + 7*n**2 - 7*n + 5. Determine f(-8).
-3
Let g(s) = 12*s - 19. Give g(6).
53
Let g(n) = -n**3 + n**2 + 4*n + 7. Calculate g(-2).
11
Let h(q) = q**3 - 17*q**2 - 37*q + 22. What is h(19)?
41
Let j(a) = -a**2 - 12*a - 12. Give j(-8).
20
Let q(r) = -37*r + 108. Calculate q(3).
-3
Let v(c) = 200*c + 3406. Determine v(-17).
6
Let l(j) = -j**3 - 14*j**2 + 15*j - 12. What is l(-15)?
-12
Let g(t) = t**3 + 12*t**2 - 7*t + 14. Determine g(-13).
-64
Let h(s) = 12*s - 1. Give h(2).
23
Let d(z) = -51*z + 1. Determine d(0).
1
Let y(x) = 6*x - 6. Give y(-6).
-42
Let b(s) = s**3 + 16*s**2 + 2*s - 20. What is b(-16)?
-52
Let r(l) = -l**2 - 6*l + 11. Give r(-6).
11
Let d(a) = -3*a**2 + 6*a + 4. Calculate d(3).
-5
Let r(m) = 8*m + 146. Give r(-19).
-6
Let s(l) = -l**3 + 6*l**2 + 2*l - 11. Determine s(5).
24
Let y(v) = -v**2 - 11*v - 5. Give y(-11).
-5
Let k(f) = 3*f**3 - 55*f**2 + 17*f + 19. Give k(18).
1
Let k(r) = -2*r**3 + 6*r**2 + 18*r + 17. Determine k(5).
7
Let q(s) = 7*s**3 - 77*s**2 + s - 10. Give q(11).
1
Let n(a) = -2*a**3 - 11*a**2 + 31*a + 73. What is n(-7)?
3
Let h(w) = 2*w**3 - w**2 + 3*w + 4. Give h(-1).
-2
Let r(j) = -2*j**3 - j**2 + j - 1. Calculate r(-2).
9
Let x(i) = -i**2 + 15*i + 8. Give x(15).
8
Let n(d) = 81*d**2 + 13*d - 13. Give n(1).
81
Let k(j) = -2*j**3 + 4*j**2 + 8*j - 9. Give k(4).
-41
Let y(x) = x**3 + 14*x**2 + 24. Calculate y(-14).
24
Let p(q) = q**2 - 2*q - 1. Determine p(2).
-1
Let u(q) = 2*q + 17. Calculate u(-11).
-5
Let z(p) = -p**2 - 23*p - 46. Calculate z(-20).
14
Let p(k) = k**2 - 23*k - 74. What is p(27)?
34
Let z(j) = -j**2 - 25*j - 146. Calculate z(-12).
10
Let k(z) = -60*z + 303. Give k(5).
3
Let f(w) = w**3 + 9*w**2 - 12*w - 1. What is f(-11)?
-111
Let z(b) = -27*b**2 - 2*b - 1. Determine z(-1).
-26
Let z(o) = 31*o - 31. Give z(5).
124
Let c(u) = -u**2 + 7*u - 3. What is c(2)?
7
Let u(o) = -o**2 - 20*o + 10. Determine u(-20).
10
Let j(b) = -12*b. What is j(-3)?
36
Let p(o) = -12*o + 9. Calculate p(3).
-27
Let b(v) = -v**2 - 11*v - 3. Calculate b(-11).
-3
Let j(c) = 4*c - 15. Give j(5).
5
Let z(f) = -f - 47. Calculate z(-16).
-31
Let p(n) = n**2 - 8*n - 37. Give p(10).
-17
Let d(i) = i**3 + 3*i**2 + 2*i + 10. What is d(-2)?
10
Let x(n) = n**3 - 5*n**2 + 12*n - 18. Give x(2).
-6
Let o(i) = -i**2 - 5*i + 13. Give o(-8).
-11
